{"id":225,"date":"2024-07-02T01:24:31","date_gmt":"2024-07-02T04:24:31","guid":{"rendered":"https:\/\/pedroautreto.prof.ufabc.edu.br\/?page_id=225"},"modified":"2024-09-16T14:21:57","modified_gmt":"2024-09-16T17:21:57","slug":"processos-seletivos","status":"publish","type":"page","link":"https:\/\/pedroautreto.prof.ufabc.edu.br\/?page_id=225","title":{"rendered":"Processos Seletivos"},"content":{"rendered":"\t\t<div data-elementor-type=\"wp-page\" data-elementor-id=\"225\" class=\"elementor elementor-225\">\n\t\t\t\t<div class=\"elementor-element elementor-element-41de09b e-flex e-con-boxed e-con e-parent\" data-id=\"41de09b\" data-element_type=\"container\">\n\t\t\t\t\t<div class=\"e-con-inner\">\n\t\t\t\t<div class=\"elementor-element elementor-element-63a4928 animated-slow elementor-invisible elementor-widget elementor-widget-image\" data-id=\"63a4928\" data-element_type=\"widget\" data-settings=\"{&quot;_animation&quot;:&quot;fadeInLeft&quot;}\" data-widget_type=\"image.default\">\n\t\t\t\t<div class=\"elementor-widget-container\">\n\t\t\t<style>\/*! elementor - v3.23.0 - 25-07-2024 *\/\n.elementor-widget-image{text-align:center}.elementor-widget-image a{display:inline-block}.elementor-widget-image a img[src$=\".svg\"]{width:48px}.elementor-widget-image img{vertical-align:middle;display:inline-block}<\/style>\t\t\t\t\t\t\t\t\t\t<img fetchpriority=\"high\" decoding=\"async\" width=\"1024\" height=\"168\" src=\"https:\/\/pedroautreto.prof.ufabc.edu.br\/wp-content\/uploads\/2024\/07\/PROCESSO-SELETIVO-1024x168.jpg\" class=\"attachment-large size-large wp-image-235\" alt=\"\" srcset=\"https:\/\/pedroautreto.prof.ufabc.edu.br\/wp-content\/uploads\/2024\/07\/PROCESSO-SELETIVO-1024x168.jpg 1024w, https:\/\/pedroautreto.prof.ufabc.edu.br\/wp-content\/uploads\/2024\/07\/PROCESSO-SELETIVO-300x49.jpg 300w, https:\/\/pedroautreto.prof.ufabc.edu.br\/wp-content\/uploads\/2024\/07\/PROCESSO-SELETIVO-768x126.jpg 768w, https:\/\/pedroautreto.prof.ufabc.edu.br\/wp-content\/uploads\/2024\/07\/PROCESSO-SELETIVO.jpg 1080w\" sizes=\"(max-width: 1024px) 100vw, 1024px\" \/>\t\t\t\t\t\t\t\t\t\t\t\t\t<\/div>\n\t\t\t\t<\/div>\n\t\t\t\t\t<\/div>\n\t\t\t\t<\/div>\n\t\t<div class=\"elementor-element elementor-element-14c4ded e-flex e-con-boxed e-con e-parent\" data-id=\"14c4ded\" data-element_type=\"container\">\n\t\t\t\t\t<div class=\"e-con-inner\">\n\t\t\t\t<div class=\"elementor-element elementor-element-88a01d7 animated-slow elementor-invisible elementor-widget elementor-widget-heading\" data-id=\"88a01d7\" data-element_type=\"widget\" data-settings=\"{&quot;_animation&quot;:&quot;fadeInLeft&quot;}\" data-widget_type=\"heading.default\">\n\t\t\t\t<div class=\"elementor-widget-container\">\n\t\t\t<style>\/*! elementor - v3.23.0 - 25-07-2024 *\/\n.elementor-heading-title{padding:0;margin:0;line-height:1}.elementor-widget-heading .elementor-heading-title[class*=elementor-size-]>a{color:inherit;font-size:inherit;line-height:inherit}.elementor-widget-heading .elementor-heading-title.elementor-size-small{font-size:15px}.elementor-widget-heading .elementor-heading-title.elementor-size-medium{font-size:19px}.elementor-widget-heading .elementor-heading-title.elementor-size-large{font-size:29px}.elementor-widget-heading .elementor-heading-title.elementor-size-xl{font-size:39px}.elementor-widget-heading .elementor-heading-title.elementor-size-xxl{font-size:59px}<\/style><h3 class=\"elementor-heading-title elementor-size-default\">Processo Seletivo Atual - 2025.01<\/h3>\t\t<\/div>\n\t\t\t\t<\/div>\n\t\t\t\t\t<\/div>\n\t\t\t\t<\/div>\n\t\t<div class=\"elementor-element elementor-element-b5a321e e-flex e-con-boxed e-con e-parent\" data-id=\"b5a321e\" data-element_type=\"container\">\n\t\t\t\t\t<div class=\"e-con-inner\">\n\t\t\t\t<div class=\"elementor-element elementor-element-18bce03 animated-slow elementor-invisible elementor-widget elementor-widget-image\" data-id=\"18bce03\" data-element_type=\"widget\" data-settings=\"{&quot;_animation&quot;:&quot;fadeInLeft&quot;}\" data-widget_type=\"image.default\">\n\t\t\t\t<div class=\"elementor-widget-container\">\n\t\t\t\t\t\t\t\t\t\t\t\t\t<img decoding=\"async\" width=\"724\" height=\"1024\" src=\"https:\/\/pedroautreto.prof.ufabc.edu.br\/wp-content\/uploads\/2024\/09\/Nano-Meeting-2-768x1086-1-724x1024.png\" class=\"attachment-large size-large wp-image-1948\" alt=\"\" srcset=\"https:\/\/pedroautreto.prof.ufabc.edu.br\/wp-content\/uploads\/2024\/09\/Nano-Meeting-2-768x1086-1-724x1024.png 724w, https:\/\/pedroautreto.prof.ufabc.edu.br\/wp-content\/uploads\/2024\/09\/Nano-Meeting-2-768x1086-1-212x300.png 212w, https:\/\/pedroautreto.prof.ufabc.edu.br\/wp-content\/uploads\/2024\/09\/Nano-Meeting-2-768x1086-1-764x1080.png 764w, https:\/\/pedroautreto.prof.ufabc.edu.br\/wp-content\/uploads\/2024\/09\/Nano-Meeting-2-768x1086-1.png 768w\" sizes=\"(max-width: 724px) 100vw, 724px\" \/>\t\t\t\t\t\t\t\t\t\t\t\t\t<\/div>\n\t\t\t\t<\/div>\n\t\t\t\t\t<\/div>\n\t\t\t\t<\/div>\n\t\t<div class=\"elementor-element elementor-element-12f112f1 e-flex e-con-boxed e-con e-parent\" data-id=\"12f112f1\" data-element_type=\"container\">\n\t\t\t\t\t<div class=\"e-con-inner\">\n\t\t\t\t<div class=\"elementor-element elementor-element-bcf3883 animated-slow elementor-invisible elementor-widget elementor-widget-text-editor\" data-id=\"bcf3883\" data-element_type=\"widget\" data-settings=\"{&quot;_animation&quot;:&quot;fadeInLeft&quot;}\" data-widget_type=\"text-editor.default\">\n\t\t\t\t<div class=\"elementor-widget-container\">\n\t\t\t<style>\/*! elementor - v3.23.0 - 25-07-2024 *\/\n.elementor-widget-text-editor.elementor-drop-cap-view-stacked .elementor-drop-cap{background-color:#69727d;color:#fff}.elementor-widget-text-editor.elementor-drop-cap-view-framed .elementor-drop-cap{color:#69727d;border:3px solid;background-color:transparent}.elementor-widget-text-editor:not(.elementor-drop-cap-view-default) .elementor-drop-cap{margin-top:8px}.elementor-widget-text-editor:not(.elementor-drop-cap-view-default) .elementor-drop-cap-letter{width:1em;height:1em}.elementor-widget-text-editor .elementor-drop-cap{float:left;text-align:center;line-height:1;font-size:50px}.elementor-widget-text-editor .elementor-drop-cap-letter{display:inline-block}<\/style>\t\t\t\t<table class=\"has-subtle-pale-blue-background-color has-background\"><tbody><tr><td><strong>EVENTO<\/strong><\/td><td><strong>DATA<\/strong><\/td><td><strong>DOCUMENTA\u00c7\u00c3O<\/strong><\/td><\/tr><tr><td>ABERTURA DO EDITAL<\/td><td>28\/08\/2024<\/td><td><a href=\"https:\/\/nano.ufabc.edu.br\/wp-content\/uploads\/2024\/09\/PROPG_CAPG_NMA_Edital_73.2024__1Q-2025__BS_1373_23_08_2024-1.pdf\" target=\"_blank\" rel=\"noreferrer noopener\">EDITAL AQUI<\/a><\/td><\/tr><tr><td>PRAZO DE INSCRI\u00c7\u00c3O<\/td><td>27\/08\/2024 a 02\/10\/2024<\/td><td><a href=\"https:\/\/sig.ufabc.edu.br\/sigaa\/public\/programa\/processo_seletivo.jsf?lc=pt_BR&amp;id=215\" target=\"_blank\" rel=\"noreferrer noopener\">ACESSE O SIG<\/a><\/td><\/tr><tr><td>PRAZO PARA RECURSO DAS INSCRI\u00c7\u00d5ES INDEFERIDAS<\/td><td>09\/10\/2024 a 11\/10\/2024<\/td><td>\u00a0<\/td><\/tr><tr><td>RESULTADO DOS RECURSOS DAS INSCRI\u00c7\u00d5ES<\/td><td>15\/10\/2024<\/td><td>\u00a0<\/td><\/tr><tr><td>ENTREVISTA T\u00c9CNICA\/PROJETO COM OS CANDIDATOS APROVADOS<\/td><td>AT\u00c9 05\/11\/2024<\/td><td>\u00a0<\/td><\/tr><tr><td>DIVULGA\u00c7\u00c3O DA LISTA DE APROVADOS NA ENTREVISTA T\u00c9CNICA\/PROJETO<\/td><td>AT\u00c9 11\/11\/2024<\/td><td>\u00a0<\/td><\/tr><tr><td>PRAZO PARA RECURSO DA LISTA APROVADOS<\/td><td>AT\u00c9 19\/11\/2024<\/td><td>\u00a0<\/td><\/tr><tr><td>DIVULGA\u00c7\u00c3O DO RESULTADO FINAL DO PROCESSO SELETIVO<\/td><td>AT\u00c9 27\/11\/2024<\/td><\/tr><\/tbody><\/table>\t\t\t\t\t\t<\/div>\n\t\t\t\t<\/div>\n\t\t\t\t\t<\/div>\n\t\t\t\t<\/div>\n\t\t<div class=\"elementor-element elementor-element-6aaa31b e-flex e-con-boxed e-con e-parent\" data-id=\"6aaa31b\" data-element_type=\"container\">\n\t\t\t\t\t<div class=\"e-con-inner\">\n\t\t\t\t<div class=\"elementor-element elementor-element-9751c1a animated-slow elementor-invisible elementor-widget elementor-widget-eael-creative-button\" data-id=\"9751c1a\" data-element_type=\"widget\" data-settings=\"{&quot;_animation&quot;:&quot;fadeInDown&quot;}\" data-widget_type=\"eael-creative-button.default\">\n\t\t\t\t<div class=\"elementor-widget-container\">\n\t\t\t        <div class=\"eael-creative-button-wrapper\">\n\n            <a class=\"eael-creative-button eael-creative-button--wayra\" href=\"https:\/\/pedroautreto.prof.ufabc.edu.br\/?page_id=231\" data-text=\"Go!\">\n\n\t    \n                <div class=\"creative-button-inner\">\n\n                    \n                    <span class=\"cretive-button-text\">Processos Seletivos Anteriores<\/span>\n\n                                    <\/div>\n\t                        <\/a>\n        <\/div>\n\t\t<\/div>\n\t\t\t\t<\/div>\n\t\t\t\t\t<\/div>\n\t\t\t\t<\/div>\n\t\t\t\t<\/div>\n\t\t","protected":false},"excerpt":{"rendered":"<p>Processo Seletivo Atual &#8211; 2025.01 EVENTO DATA DOCUMENTA\u00c7\u00c3O ABERTURA DO EDITAL 28\/08\/2024 EDITAL AQUI PRAZO DE INSCRI\u00c7\u00c3O 27\/08\/2024 a 02\/10\/2024 ACESSE O SIG PRAZO PARA RECURSO DAS INSCRI\u00c7\u00d5ES INDEFERIDAS 09\/10\/2024 a 11\/10\/2024 \u00a0 RESULTADO DOS RECURSOS DAS INSCRI\u00c7\u00d5ES 15\/10\/2024 \u00a0 ENTREVISTA T\u00c9CNICA\/PROJETO COM OS CANDIDATOS APROVADOS AT\u00c9 05\/11\/2024 \u00a0 DIVULGA\u00c7\u00c3O DA LISTA DE APROVADOS NA&hellip; <br \/> <a class=\"read-more\" href=\"https:\/\/pedroautreto.prof.ufabc.edu.br\/?page_id=225\">Leia mais<\/a><\/p>\n","protected":false},"author":1,"featured_media":0,"parent":0,"menu_order":0,"comment_status":"closed","ping_status":"closed","template":"","meta":{"_piecal_is_event":false,"_piecal_start_date":"","_piecal_end_date":"","_piecal_is_allday":false,"footnotes":""},"class_list":["post-225","page","type-page","status-publish","hentry"],"_links":{"self":[{"href":"https:\/\/pedroautreto.prof.ufabc.edu.br\/index.php?rest_route=\/wp\/v2\/pages\/225"}],"collection":[{"href":"https:\/\/pedroautreto.prof.ufabc.edu.br\/index.php?rest_route=\/wp\/v2\/pages"}],"about":[{"href":"https:\/\/pedroautreto.prof.ufabc.edu.br\/index.php?rest_route=\/wp\/v2\/types\/page"}],"author":[{"embeddable":true,"href":"https:\/\/pedroautreto.prof.ufabc.edu.br\/index.php?rest_route=\/wp\/v2\/users\/1"}],"replies":[{"embeddable":true,"href":"https:\/\/pedroautreto.prof.ufabc.edu.br\/index.php?rest_route=%2Fwp%2Fv2%2Fcomments&post=225"}],"version-history":[{"count":16,"href":"https:\/\/pedroautreto.prof.ufabc.edu.br\/index.php?rest_route=\/wp\/v2\/pages\/225\/revisions"}],"predecessor-version":[{"id":1951,"href":"https:\/\/pedroautreto.prof.ufabc.edu.br\/index.php?rest_route=\/wp\/v2\/pages\/225\/revisions\/1951"}],"wp:attachment":[{"href":"https:\/\/pedroautreto.prof.ufabc.edu.br\/index.php?rest_route=%2Fwp%2Fv2%2Fmedia&parent=225"}],"curies":[{"name":"wp","href":"https:\/\/api.w.org\/{rel}","templated":true}]}}